19 = 2*x. Suppose 0*b = -4*b + u. What is the units digit of b?
1
Let f = 696 + -484. What is the hundreds digit of f?
2
Let h(r) = -r**3 + 5*r**2 - r + 5. Let l be (2 + -3)/((-1)/5). Let p be h(l). Suppose p = -4*t + 20, -j = 2*t - 12 - 0. What is the units digit of j?
2
Let m = -102 + 168. What is the units digit of m?
6
Let t be 2/(-8) - 414/(-24). Let l = t + 6. What is the units digit of l?
3
Let f(g) = 75*g - 15. What is the units digit of f(5)?
0
Let n = 134 - 52. What is the units digit of n?
2
Let f(n) = -n**3 + n**2 - 7*n + 10. Let y(t) = -t**3 - 7*t + 11. Let v(k) = -5*f(k) + 4*y(k). What is the tens digit of v(5)?
2
Suppose -3*g = 2*g + 5, 2*b = -5*g + 17. What is the units digit of b?
1
Let t = -62 + 87. What is the tens digit of ((-380)/t)/((-2)/5)?
3
Let x = -200 - -280. What is the tens digit of x?
8
Suppose 5*t - 4*l + 11 = 46, 2*t - 14 = 3*l. Let o = t - 4. What is the units digit of o?
3
Let h = 10 - 7. What is the tens digit of (-8)/(h/(-6) - 0)?
1
Let i = -14 - -23. Suppose 4*b + 55 = i*b. What is the tens digit of b?
1
Let y = -26 - -19. Let q(k) = -10 + k**2 - 4*k + 4*k + 5*k. What is the units digit of q(y)?
4
Let o(b) = b + 3. Let s be o(-5). What is the units digit of s/5 + 67/5?
3
Suppose -c = -s - 4, -4*s = s + 4*c + 2. What is the units digit of (2 - (-7 - s)) + -1?
6
Suppose -2*i = 5*n + 10, -2*i = -2*n - 3*n - 10. Suppose 2*b - 6*b + 80 = i. What is the tens digit of b?
2
Let o(p) = 2*p**2 + 1. Suppose -3*q = 9, u + 2*q = 1 - 9. Let r be o(u). Suppose 2*d - 9 = r. What is the units digit of d?
9
Let l(c) = -6*c**2 + 3*c - 3. Let o be l(2). Let p = -12 - o. What is the units digit of p?
9
What is the units digit of 9/6 + (-2)/(4/(-107))?
5
Let b(z) = z**2 + 8*z - 2. Suppose 2*m + 2*m + 62 = -5*l, -26 = 2*l + 2*m. What is the tens digit of b(l)?
1
Suppose 0 = l - 22 + 10. What is the units digit of l?
2
Let o = -28 + 16. Let f be (0 - 1)/(4/o). Suppose t + f*t = 48. What is the tens digit of t?
1
Let x be (-1 - -1 - 2)*-6. Let f be (-3)/(9/x) + 0. What is the units digit of 12/f - -13*1?
0
Let m = -3 + 45. What is the tens digit of m?
4
Let h = 134 - 104. What is the units digit of h?
0
Let x(c) = -2*c**3 - 5*c**2 - 4*c - 1. What is the units digit of x(-3)?
0
Let p = 1 - 1. Suppose p = -2*w - 7 + 19. What is the units digit of w?
6
Suppose 3*u - 4*u - 342 = -4*h, -2*u = -4. What is the units digit of 2*h/4 - -4?
7
Let t(v) = 13*v + 24. What is the units digit of t(7)?
5
Let g(b) = b + 8. What is the units digit of g(6)?
4
What is the tens digit of (-715)/22*(-4 - -2)?
6
Let w(d) = d**3 + 11*d**2 - 5*d - 5. What is the tens digit of w(-11)?
5
Let o be (40/12)/(4/(-6)). Let j(m) = -m - 3. What is the units digit of j(o)?
2
Let g(y) = 2*y**2 + y + 2. Let i be g(-4). Suppose -8*l - i = -3*l. Let r = -1 - l. What is the units digit of r?
5
Let x be (-1)/(-6)*-2*-6. Suppose 4*r - 68 = 4*b, b + 0*b + 32 = 2*r. Let s = r - x. What is the units digit of s?
3
Let k(a) = 2*a**2 + 21*a + 29. What is the hundreds digit of k(-16)?
2
Let k = -7 - -197. What is the tens digit of k?
9
Suppose a + 3*t - 4 - 7 = 0, -t = 5*a - 125. What is the tens digit of a?
2
Let p = -12 - 17. Let j = -19 - p. What is the units digit of j?
0
What is the tens digit of (1/(-3))/(-2 - (-6805)/3405)?
2
Let a(m) = m. Let x be a(6). Let j = -2 + x. What is the units digit of j?
4
Suppose 3*m - 5*u + 6 = -4, 0 = -5*m - u - 54. Let r = 15 + m. Suppose 0 = r*j - 2 - 3. What is the units digit of j?
1
Let q be 3/(-2) + 69/6. Let g = -18 + q. What is the units digit of ((-6)/(-2))/((-12)/g)?
2
Let l(j) = -j - 5. Suppose 4*c + 4*d = -0*c - 24, -2*d = -5*c - 30. Let s be l(c). What is the units digit of -3*(s - 10/6)?
2
Let u(w) = -w**2 - 7*w + 2. What is the units digit of u(-7)?
2
Let n(r) = 19*r + 20. Let m be n(-7). Let b = -63 - m. What is the tens digit of b?
5
Suppose -3*j + 7 = -5*r, 6*j - 13 = 4*j - 5*r. What is the units digit of j?
4
Suppose 269 + 99 = 4*p. What is the units digit of p?
2
Suppose 2*z + 12 = 2*p - 8, -5*z = -4*p + 45. What is the units digit of p?
5
Let z(s) = s**3 + 0*s - 8 - 2*s**3 + 2*s + 7*s**2 + 7*s. Let v be z(8). Suppose v = -0*p - 2*p + 5*h - 5, 4*p = 2*h + 14. What is the units digit of p?
5
Let k(z) = -3 + z + 2 + 0*z - 4*z. Let i be k(-2). Suppose -3*j = n + j - 31, 0 = i*n - 5*j - 30. What is the units digit of n?
1
What is the tens digit of 1*((-3)/1 + 161)?
5
Suppose 8*b + 108 = 11*b. What is the units digit of b?
6
Let j = 30 - 63. What is the units digit of -2*(-3 + j/6)?
7
Let y be 4/(0 - (-4)/80). Suppose 2*n - 4*z - 32 = n, -y = -4*n + 4*z. What is the units digit of n?
6
Let r = 4 + 5. What is the units digit of r?
9
Let s(p) = -p + 3. Suppose -5*v - 5*l = -v + 14, -l - 5 = 3*v. Let n be (9/4)/(v/4). What is the units digit of s(n)?
2
Let f(i) = i - 8. Let v be f(4). Let k(d) = -6*d + 2. Let p(l) = -l**2 + l - 1. Let j(q) = k(q) + p(q). What is the units digit of j(v)?
5
Let m = -8 + 12. Let c(l) = l**3 - 3*l**2 - 4*l + 1. Let o be c(m). What is the units digit of (0 - o)/(1/(-6))?
6
What is the units digit of (20/(-12) + 2)/((-1)/(-351))?
7
Let l(f) = 8*f - 11. Let y(a) be the third derivative of -3*a**4/8 + 2*a**3 + 2*a**2. Let x(z) = -7*l(z) - 6*y(z). What is the units digit of x(-4)?
3
What is the units digit of 784/17 - 6/51?
6
Suppose c - 2*y - 24 = 0, -4*c + 2*y = -0*y - 84. Suppose -f = -3*f + c. What is the tens digit of f?
1
Let k(g) = -87*g + 10. What is the tens digit of k(-2)?
8
Let c(z) = 5 - 4*z**2 + 2*z + 0*z**3 - 7*z - 1 + z**3. Let b be c(5). Suppose 3*q - b*a + a - 21 = 0, -5*q + 2*a = -35. What is the units digit of q?
7
Let d(c) = c**2 + c + 25. Suppose -2*b = -7*b. What is the tens digit of d(b)?
2
Let g be (-58)/(-8) + 6/(-24). Suppose -g*y + 2*y + 65 = 0. What is the units digit of y?
3
Suppose -2*g = 3*q - 110, 54 = g - 2*q + 3*q. What is the units digit of g?
2
Let o(a) = 286*a**2 - 2*a - 3. What is the hundreds digit of o(-1)?
2
Suppose -3*w - 42 = -309. What is the units digit of w?
9
Suppose -40 + 7 = -3*w. What is the units digit of w?
1
Let r be 8/6 + 14/21. What is the units digit of 2*((-4)/8 + r)?
3
Let j = 66 + -26. What is the tens digit of j?
4
Suppose -h - 20 = -4*g - 189, h - 183 = -3*g. What is the tens digit of h?
7
Let c be 3/(-2)*16/12. Let z be 88/4 + (-4)/c. Suppose 2*h = 3*t - 3 - 1, -5*h + z = t. What is the units digit of h?
4
Suppose -14 = -3*q - 3*j + 4, -5*q + 27 = 4*j. Suppose 1 = 3*x - 4*p - q, 0 = -2*x + 3*p + 2. What is the units digit of -4*1*(-2)/x?
2
What is the units digit of 155 + 1 + (-16)/4?
2
Let a(b) = 3*b - b - 5*b + 4. What is the tens digit of a(-6)?
2
Let p = 27 - 17. What is the tens digit of p?
1
Let r = -3 - -8. Suppose -j + 13 = 3*k, 2*j = -r*k + 4*j + 7. Suppose k*h - 13 - 23 = 0. What is the units digit of h?
2
Let g(r) = -2*r - 3. Let t be g(-3). Suppose 6*x + t = 7*x. Suppose -4*u = x*a - 32, 0 = 4*a - 8*u + 5*u - 76. What is the units digit of a?
6
Suppose 4*b = -t - 4*t + 125, -b + 35 = 2*t. What is the units digit of b?
5
Let g = -3 - -58. What is the units digit of g?
5
What is the tens digit of (-2)/1 - -2 - -124?
2
Suppose o + f + 8 = 4*o, 4*f - 24 = -2*o. What is the tens digit of 9*(o - 1 - 0)?
2
Let z(k) = -27*k - 11. What is the tens digit of z(-6)?
5
Suppose 5*j = 2*x + 33 - 7, -7 = -j + x. Suppose 0 = -3*s + 1 + 5. Suppose s*m = j*m - 20. What is the units digit of m?
0
What is the hundreds digit of (193/(-3) - 0)/(9/(-27))?
1
Suppose -118 = -3*i + 47. What is the units digit of i?
5
Let y(m) = -m**2 - 9*m - 6. Let p be (2 - 8/6)*-6. What is the tens digit of y(p)?
1
Suppose 3*n + 2*a + a = -33, 4*n + 5*a = -49. Let q = -2 - n. Suppose 5*s = 3*t - 38, 3*t + q*s - 5*s = 34. What is the units digit of t?
1
Let g(o) = o**2 + 5*o. Let l be g(-6). Suppose 3*u = 6*u - l. Suppose -44 = -4*n + 5*z, u*n = 4*z + 19 + 9. What is the units digit of n?
6
Suppose 5*f - 5*d - 35 = 0, -2*f = -0*f + d - 2. Let c(p) = 0 - f - 5*p**2 + 3 + 4*p + p**3 - 1. What is the units digit of c(5)?
9
Suppose 2*r = 5*r - 33. Let x = -8 + r. What is the units digit of x?
3
Suppose -3*f + 0*y + 276 = 3*y, -f - 3*y = -88. What is the units digit of f?
4
Let f = 127 + -40. What is the units digit of f?
7
Let t(p) = -7*p + 2. What is the units digit of t(-3)